{"id":1103,"date":"2024-07-31T17:33:08","date_gmt":"2024-07-31T14:03:08","guid":{"rendered":"https:\/\/frz.world\/clf\/calendrier-des-cours-et-examens\/"},"modified":"2026-02-19T11:17:02","modified_gmt":"2026-02-19T07:47:02","slug":"calendrier","status":"publish","type":"page","link":"https:\/\/www.clf-teh.org\/fr\/calendrier\/","title":{"rendered":"Calendriers"},"content":{"rendered":"\n<h3 class=\"wp-block-heading has-text-color has-background has-link-color wp-elements-02ede1c7fac7e4a6e16ef0ae27db3871\" id=\"h-calendrier-des-sessions-en-2026\" style=\"color:#3987c9;background-color:#f2f2f2\">Calendrier des sessions en 2026<\/h3>\n\n\n\n<figure class=\"wp-block-table is-style-stripes tarifs-class\" style=\"font-size:16px\"><table class=\"has-fixed-layout\"><thead><tr><th class=\"has-text-align-center\" data-align=\"center\">Saison<\/th><th class=\"has-text-align-center\" data-align=\"center\">Dur\u00e9e de la session standard<br>(10 semaines)<\/th><th class=\"has-text-align-center\" data-align=\"center\">D\u00e9but de mi-session <\/th><\/tr><\/thead><tbody><tr><td class=\"has-text-align-center\" data-align=\"center\">Printemps<\/td><td class=\"has-text-align-center\" data-align=\"center\">Du 15 avril au 23 juin<\/td><td class=\"has-text-align-center\" data-align=\"center\">\u00c0 partir du 15 mai<\/td><\/tr><\/tbody><\/table><figcaption class=\"wp-element-caption\">* <strong>Pr\u00e9-inscriptions en ligne <\/strong>:<br> Les dates de pr\u00e9-inscription en ligne des cours pour d\u00e9butant (A1.1) et des tests de positionnement de chaque session sont annonc\u00e9es sur ce site ainsi que sur nos r\u00e9seaux sociaux de <strong><a href=\"https:\/\/t.me\/Clfteh\" target=\"_blank\" rel=\"noreferrer noopener\">Telegram<\/a><\/strong> et <strong><a href=\"https:\/\/www.instagram.com\/clfteh\/\" target=\"_blank\" rel=\"noreferrer noopener\">Instagram<\/a><\/strong>.<\/figcaption><\/figure>\n\n\n<div class=\"wp-block-ub-divider ub_divider ub-divider-orientation-horizontal\" id=\"ub_divider_26c18b53-37be-4ad0-9bdd-e9c8b93eec6f\"><div class=\"ub_divider_wrapper\" style=\"position: relative; margin-bottom: 2px; width: 100%; height: 2px; \" data-divider-alignment=\"center\"><div class=\"ub_divider_line\" style=\"border-top: 2px solid #ffffff; margin-top: 2px; \"><\/div><\/div><\/div>\n\n\n<hr class=\"wp-block-separator has-text-color has-alpha-channel-opacity has-background\" style=\"background-color:#ffffff00;color:#ffffff00\" id=\"Examens-Calendrier\"\/>\n\n\n\n<h3 class=\"wp-block-heading has-text-color has-background has-link-color wp-elements-e719a34a31f19db99142085ff0536ce9\" id=\"h-calendrier-des-examens-en-2026\" style=\"color:#d2424e;background-color:#f2f2f2\"><strong>Calendrier des examens en 2026<\/strong><\/h3>\n\n\n\n<h4 class=\"wp-block-heading has-text-align-center has-text-color has-link-color wp-elements-f0f76029f96ff86ba7d9271823e8dfcf\" id=\"h-tcf\" style=\"color:#d2424e\"> TCF<\/h4>\n\n\n\n<figure id=\"calendrierDELFDALF\" class=\"wp-block-table  tarifs-exam is-style-stripes\"><table class=\"has-fixed-layout\"><thead><tr><th class=\"has-text-align-center\" data-align=\"center\">Types d&rsquo;examen<\/th><th class=\"has-text-align-center\" data-align=\"center\">Dates d&rsquo;examen<\/th><th>&nbsp;<br><strong>Date de Pr\u00e9-inscription<\/strong><\/th><\/tr><\/thead><tbody><tr><td class=\"has-text-align-center\" data-align=\"center\">TCF TP (\u00e9preuves obligatoires)<\/td><td class=\"has-text-align-center\" data-align=\"center\">23 et 24 f\u00e9vrier<\/td><td>12 au 15 f\u00e9vrier<\/td><\/tr><tr><td class=\"has-text-align-center\" data-align=\"center\">TCF QUEBEC (4 comp\u00e9tences)<\/td><td class=\"has-text-align-center\" data-align=\"center\">2 mars<\/td><td>18 au 22 f\u00e9vrier <\/td><\/tr><tr><td class=\"has-text-align-center\" data-align=\"center\">TCF TP (\u00e9preuves obligatoires + \u00e9preuves facultatives)<\/td><td class=\"has-text-align-center\" data-align=\"center\">12 mars<\/td><td>23 au 28 f\u00e9vrier <\/td><\/tr><tr><td class=\"has-text-align-center\" data-align=\"center\">TCF CANADA (4 comp\u00e9tences)<\/td><td class=\"has-text-align-center\" data-align=\"center\">16 et 17 mars<\/td><td>23 au 28 f\u00e9vrier <\/td><\/tr><\/tbody><\/table><\/figure>\n\n\n\n<hr class=\"wp-block-separator has-text-color has-alpha-channel-opacity has-background\" style=\"background-color:#ffffff00;color:#ffffff00\" id=\"DELF-DALF\"\/>\n\n\n\n<h4 class=\"wp-block-heading has-text-align-center has-text-color has-link-color wp-elements-bee6bb9d31ab207d2f32cf7bdb2f34ff\" id=\"h-examens-du-delf-et-du-dalf\" style=\"color:#d2424e\"> Examens du DELF et du DALF<\/h4>\n\n\n\n<figure class=\"wp-block-table  tarifs-exam is-style-stripes\"><table class=\"has-fixed-layout\"><thead><tr><th class=\"has-text-align-center\" data-align=\"center\">Types d&rsquo;examen<\/th><th class=\"has-text-align-center\" data-align=\"center\">&nbsp;<strong>Date de Pr\u00e9-inscription<\/strong><\/th><th class=\"has-text-align-center\" data-align=\"center\">Dates d&rsquo;examen<\/th><\/tr><\/thead><tbody><tr><td class=\"has-text-align-center\" data-align=\"center\">DELF-DALF TP<\/td><td class=\"has-text-align-center\" data-align=\"center\">10 au 19 f\u00e9vrier<\/td><td class=\"has-text-align-center\" data-align=\"center\">6 et 7 mars<\/td><\/tr><tr><td class=\"has-text-align-center\" data-align=\"center\"><\/td><td class=\"has-text-align-center\" data-align=\"center\"><\/td><td class=\"has-text-align-center\" data-align=\"center\"><br><br><\/td><\/tr><\/tbody><\/table><figcaption class=\"wp-element-caption\">*&nbsp;<strong>Pr\u00e9-inscriptions en ligne&nbsp;<\/strong>:<br>Les dates de pr\u00e9-inscription en ligne pour chaque session de TCF et de DELF\/DALF sont annonc\u00e9es sur ce site ainsi que sur nos r\u00e9seaux sociaux de&nbsp;<strong><a href=\"https:\/\/t.me\/Clfteh\" target=\"_blank\" rel=\"noreferrer noopener\">Telegram<\/a><\/strong>&nbsp;et&nbsp;<strong><a href=\"https:\/\/www.instagram.com\/clfteh\/\" target=\"_blank\" rel=\"noreferrer noopener\">Instagram<\/a><\/strong>.<\/figcaption><\/figure>\n\n\n\n<hr class=\"wp-block-separator has-text-color has-alpha-channel-opacity has-background\" style=\"background-color:#ffffff00;color:#ffffff00\" id=\"Formations-Calendrier\"\/>\n\n\n\n<h3 class=\"wp-block-heading has-text-color has-background has-link-color wp-elements-db961270deaff0aef9760951484ed03a\" id=\"h-calendrier-des-formations-pedagogiques-en-2026\" style=\"color:#ff9575;background-color:#f2f2f2\"><strong>Calendrier des formations p\u00e9dagogiques en 2026<\/strong><\/h3>\n\n\n\n<p class=\"teacher-faq\"><br>Vous pouvez acc\u00e9der au calendrier des formations p\u00e9dagogiques du CLF <strong><a href=\"https:\/\/www.clf-teh.org\/fr\/formations\/#Calendrier\">en suivant ce lien<\/a><\/strong>.<\/p>\n","protected":false},"excerpt":{"rendered":"<p>Calendrier des sessions en 2026 Saison Dur\u00e9e de la session standard(10 semaines) D\u00e9but de mi-session Printemps Du 15 avril au 23 juin \u00c0 partir du 15 mai * Pr\u00e9-inscriptions en ligne : Les dates de pr\u00e9-inscription en ligne des cours pour d\u00e9butant (A1.1) et des tests de positionnement de chaque session sont annonc\u00e9es sur ce [&hellip;]<\/p>\n","protected":false},"author":1,"featured_media":0,"parent":0,"menu_order":0,"comment_status":"closed","ping_status":"closed","template":"","meta":{"_acf_changed":false,"footnotes":""},"class_list":["post-1103","page","type-page","status-publish","hentry"],"featured_image_src":null,"acf":[],"yoast_head":"<!-- This site is optimized with the Yoast SEO Premium plugin v23.4 (Yoast SEO v26.9) - https:\/\/yoast.com\/product\/yoast-seo-premium-wordpress\/ -->\n<title>Calendriers - Centre de langue fran\u00e7aise de T\u00e9h\u00e9ran<\/title>\n<meta name=\"robots\" content=\"index, follow, max-snippet:-1, max-image-preview:large, max-video-preview:-1\" \/>\n<link rel=\"canonical\" href=\"https:\/\/www.clf-teh.org\/fr\/calendrier\/\" \/>\n<meta property=\"og:locale\" content=\"fr_FR\" \/>\n<meta property=\"og:type\" content=\"article\" \/>\n<meta property=\"og:title\" content=\"Calendriers\" \/>\n<meta property=\"og:description\" content=\"Calendrier des sessions en 2026 Saison Dur\u00e9e de la session standard(10 semaines) D\u00e9but de mi-session Printemps Du 15 avril au 23 juin \u00c0 partir du 15 mai * Pr\u00e9-inscriptions en ligne : Les dates de pr\u00e9-inscription en ligne des cours pour d\u00e9butant (A1.1) et des tests de positionnement de chaque session sont annonc\u00e9es sur ce [&hellip;]\" \/>\n<meta property=\"og:url\" content=\"https:\/\/www.clf-teh.org\/fr\/calendrier\/\" \/>\n<meta property=\"og:site_name\" content=\"Centre de langue fran\u00e7aise de T\u00e9h\u00e9ran\" \/>\n<meta property=\"article:modified_time\" content=\"2026-02-19T07:47:02+00:00\" \/>\n<meta name=\"twitter:card\" content=\"summary_large_image\" \/>\n<meta name=\"twitter:label1\" content=\"Dur\u00e9e de lecture estim\u00e9e\" \/>\n\t<meta name=\"twitter:data1\" content=\"2 minutes\" \/>\n<script type=\"application\/ld+json\" class=\"yoast-schema-graph\">{\"@context\":\"https:\/\/schema.org\",\"@graph\":[{\"@type\":\"WebPage\",\"@id\":\"https:\/\/www.clf-teh.org\/fr\/calendrier\/\",\"url\":\"https:\/\/www.clf-teh.org\/fr\/calendrier\/\",\"name\":\"Calendriers - Centre de langue fran\u00e7aise de T\u00e9h\u00e9ran\",\"isPartOf\":{\"@id\":\"https:\/\/www.clf-teh.org\/fr\/#website\"},\"datePublished\":\"2024-07-31T14:03:08+00:00\",\"dateModified\":\"2026-02-19T07:47:02+00:00\",\"breadcrumb\":{\"@id\":\"https:\/\/www.clf-teh.org\/fr\/calendrier\/#breadcrumb\"},\"inLanguage\":\"fr-FR\",\"potentialAction\":[{\"@type\":\"ReadAction\",\"target\":[\"https:\/\/www.clf-teh.org\/fr\/calendrier\/\"]}]},{\"@type\":\"BreadcrumbList\",\"@id\":\"https:\/\/www.clf-teh.org\/fr\/calendrier\/#breadcrumb\",\"itemListElement\":[{\"@type\":\"ListItem\",\"position\":1,\"name\":\"\u062e\u0627\u0646\u0647\",\"item\":\"https:\/\/www.clf-teh.org\/fr\/\"},{\"@type\":\"ListItem\",\"position\":2,\"name\":\"Calendriers\"}]},{\"@type\":\"WebSite\",\"@id\":\"https:\/\/www.clf-teh.org\/fr\/#website\",\"url\":\"https:\/\/www.clf-teh.org\/fr\/\",\"name\":\"Centre de langue fran\u00e7aise de T\u00e9h\u00e9ran\",\"description\":\"\",\"potentialAction\":[{\"@type\":\"SearchAction\",\"target\":{\"@type\":\"EntryPoint\",\"urlTemplate\":\"https:\/\/www.clf-teh.org\/fr\/?s={search_term_string}\"},\"query-input\":{\"@type\":\"PropertyValueSpecification\",\"valueRequired\":true,\"valueName\":\"search_term_string\"}}],\"inLanguage\":\"fr-FR\"}]}<\/script>\n<!-- \/ Yoast SEO Premium plugin. -->","yoast_head_json":{"title":"Calendriers - Centre de langue fran\u00e7aise de T\u00e9h\u00e9ran","robots":{"index":"index","follow":"follow","max-snippet":"max-snippet:-1","max-image-preview":"max-image-preview:large","max-video-preview":"max-video-preview:-1"},"canonical":"https:\/\/www.clf-teh.org\/fr\/calendrier\/","og_locale":"fr_FR","og_type":"article","og_title":"Calendriers","og_description":"Calendrier des sessions en 2026 Saison Dur\u00e9e de la session standard(10 semaines) D\u00e9but de mi-session Printemps Du 15 avril au 23 juin \u00c0 partir du 15 mai * Pr\u00e9-inscriptions en ligne : Les dates de pr\u00e9-inscription en ligne des cours pour d\u00e9butant (A1.1) et des tests de positionnement de chaque session sont annonc\u00e9es sur ce [&hellip;]","og_url":"https:\/\/www.clf-teh.org\/fr\/calendrier\/","og_site_name":"Centre de langue fran\u00e7aise de T\u00e9h\u00e9ran","article_modified_time":"2026-02-19T07:47:02+00:00","twitter_card":"summary_large_image","twitter_misc":{"Dur\u00e9e de lecture estim\u00e9e":"2 minutes"},"schema":{"@context":"https:\/\/schema.org","@graph":[{"@type":"WebPage","@id":"https:\/\/www.clf-teh.org\/fr\/calendrier\/","url":"https:\/\/www.clf-teh.org\/fr\/calendrier\/","name":"Calendriers - Centre de langue fran\u00e7aise de T\u00e9h\u00e9ran","isPartOf":{"@id":"https:\/\/www.clf-teh.org\/fr\/#website"},"datePublished":"2024-07-31T14:03:08+00:00","dateModified":"2026-02-19T07:47:02+00:00","breadcrumb":{"@id":"https:\/\/www.clf-teh.org\/fr\/calendrier\/#breadcrumb"},"inLanguage":"fr-FR","potentialAction":[{"@type":"ReadAction","target":["https:\/\/www.clf-teh.org\/fr\/calendrier\/"]}]},{"@type":"BreadcrumbList","@id":"https:\/\/www.clf-teh.org\/fr\/calendrier\/#breadcrumb","itemListElement":[{"@type":"ListItem","position":1,"name":"\u062e\u0627\u0646\u0647","item":"https:\/\/www.clf-teh.org\/fr\/"},{"@type":"ListItem","position":2,"name":"Calendriers"}]},{"@type":"WebSite","@id":"https:\/\/www.clf-teh.org\/fr\/#website","url":"https:\/\/www.clf-teh.org\/fr\/","name":"Centre de langue fran\u00e7aise de T\u00e9h\u00e9ran","description":"","potentialAction":[{"@type":"SearchAction","target":{"@type":"EntryPoint","urlTemplate":"https:\/\/www.clf-teh.org\/fr\/?s={search_term_string}"},"query-input":{"@type":"PropertyValueSpecification","valueRequired":true,"valueName":"search_term_string"}}],"inLanguage":"fr-FR"}]}},"_links":{"self":[{"href":"https:\/\/www.clf-teh.org\/fr\/wp-json\/wp\/v2\/pages\/1103","targetHints":{"allow":["GET"]}}],"collection":[{"href":"https:\/\/www.clf-teh.org\/fr\/wp-json\/wp\/v2\/pages"}],"about":[{"href":"https:\/\/www.clf-teh.org\/fr\/wp-json\/wp\/v2\/types\/page"}],"author":[{"embeddable":true,"href":"https:\/\/www.clf-teh.org\/fr\/wp-json\/wp\/v2\/users\/1"}],"replies":[{"embeddable":true,"href":"https:\/\/www.clf-teh.org\/fr\/wp-json\/wp\/v2\/comments?post=1103"}],"version-history":[{"count":86,"href":"https:\/\/www.clf-teh.org\/fr\/wp-json\/wp\/v2\/pages\/1103\/revisions"}],"predecessor-version":[{"id":7119,"href":"https:\/\/www.clf-teh.org\/fr\/wp-json\/wp\/v2\/pages\/1103\/revisions\/7119"}],"wp:attachment":[{"href":"https:\/\/www.clf-teh.org\/fr\/wp-json\/wp\/v2\/media?parent=1103"}],"curies":[{"name":"wp","href":"https:\/\/api.w.org\/{rel}","templated":true}]}}

<h3 class="wp-block-heading has-text-color has-background has-link-color wp-elements-02ede1c7fac7e4a6e16ef0ae27db3871" id="h-calendrier-des-sessions-en-2026" style="color:#3987c9;background-color:#f2f2f2">Calendrier des sessions en 2026</h3>



<figure class="wp-block-table is-style-stripes tarifs-class" style="font-size:16px"><table class="has-fixed-layout"><thead><tr><th class="has-text-align-center" data-align="center">Saison</th><th class="has-text-align-center" data-align="center">Durée de la session standard<br>(10 semaines)</th><th class="has-text-align-center" data-align="center">Début de mi-session </th></tr></thead><tbody><tr><td class="has-text-align-center" data-align="center">Printemps</td><td class="has-text-align-center" data-align="center">Du 15 avril au 23 juin</td><td class="has-text-align-center" data-align="center">À partir du 15 mai</td></tr></tbody></table><figcaption class="wp-element-caption">* <strong>Pré-inscriptions en ligne </strong>:<br> Les dates de pré-inscription en ligne des cours pour débutant (A1.1) et des tests de positionnement de chaque session sont annoncées sur ce site ainsi que sur nos réseaux sociaux de <strong><a href="https://t.me/Clfteh" target="_blank" rel="noreferrer noopener">Telegram</a></strong> et <strong><a href="https://www.instagram.com/clfteh/" target="_blank" rel="noreferrer noopener">Instagram</a></strong>.</figcaption></figure>


<div class="wp-block-ub-divider ub_divider ub-divider-orientation-horizontal" id="ub_divider_26c18b53-37be-4ad0-9bdd-e9c8b93eec6f"><div class="ub_divider_wrapper" style="position: relative; margin-bottom: 2px; width: 100%; height: 2px; " data-divider-alignment="center"><div class="ub_divider_line" style="border-top: 2px solid #ffffff; margin-top: 2px; "></div></div></div>


<hr class="wp-block-separator has-text-color has-alpha-channel-opacity has-background" style="background-color:#ffffff00;color:#ffffff00" id="Examens-Calendrier"/>



<h3 class="wp-block-heading has-text-color has-background has-link-color wp-elements-e719a34a31f19db99142085ff0536ce9" id="h-calendrier-des-examens-en-2026" style="color:#d2424e;background-color:#f2f2f2"><strong>Calendrier des examens en 2026</strong></h3>



<h4 class="wp-block-heading has-text-align-center has-text-color has-link-color wp-elements-f0f76029f96ff86ba7d9271823e8dfcf" id="h-tcf" style="color:#d2424e"> TCF</h4>



<figure id="calendrierDELFDALF" class="wp-block-table  tarifs-exam is-style-stripes"><table class="has-fixed-layout"><thead><tr><th class="has-text-align-center" data-align="center">Types d&rsquo;examen</th><th class="has-text-align-center" data-align="center">Dates d&rsquo;examen</th><th>&nbsp;<br><strong>Date de Pré-inscription</strong></th></tr></thead><tbody><tr><td class="has-text-align-center" data-align="center">TCF TP (épreuves obligatoires)</td><td class="has-text-align-center" data-align="center">23 et 24 février</td><td>12 au 15 février</td></tr><tr><td class="has-text-align-center" data-align="center">TCF QUEBEC (4 compétences)</td><td class="has-text-align-center" data-align="center">2 mars</td><td>18 au 22 février </td></tr><tr><td class="has-text-align-center" data-align="center">TCF TP (épreuves obligatoires + épreuves facultatives)</td><td class="has-text-align-center" data-align="center">12 mars</td><td>23 au 28 février </td></tr><tr><td class="has-text-align-center" data-align="center">TCF CANADA (4 compétences)</td><td class="has-text-align-center" data-align="center">16 et 17 mars</td><td>23 au 28 février </td></tr></tbody></table></figure>



<hr class="wp-block-separator has-text-color has-alpha-channel-opacity has-background" style="background-color:#ffffff00;color:#ffffff00" id="DELF-DALF"/>



<h4 class="wp-block-heading has-text-align-center has-text-color has-link-color wp-elements-bee6bb9d31ab207d2f32cf7bdb2f34ff" id="h-examens-du-delf-et-du-dalf" style="color:#d2424e"> Examens du DELF et du DALF</h4>



<figure class="wp-block-table  tarifs-exam is-style-stripes"><table class="has-fixed-layout"><thead><tr><th class="has-text-align-center" data-align="center">Types d&rsquo;examen</th><th class="has-text-align-center" data-align="center">&nbsp;<strong>Date de Pré-inscription</strong></th><th class="has-text-align-center" data-align="center">Dates d&rsquo;examen</th></tr></thead><tbody><tr><td class="has-text-align-center" data-align="center">DELF-DALF TP</td><td class="has-text-align-center" data-align="center">10 au 19 février</td><td class="has-text-align-center" data-align="center">6 et 7 mars</td></tr><tr><td class="has-text-align-center" data-align="center"></td><td class="has-text-align-center" data-align="center"></td><td class="has-text-align-center" data-align="center"><br><br></td></tr></tbody></table><figcaption class="wp-element-caption">*&nbsp;<strong>Pré-inscriptions en ligne&nbsp;</strong>:<br>Les dates de pré-inscription en ligne pour chaque session de TCF et de DELF/DALF sont annoncées sur ce site ainsi que sur nos réseaux sociaux de&nbsp;<strong><a href="https://t.me/Clfteh" target="_blank" rel="noreferrer noopener">Telegram</a></strong>&nbsp;et&nbsp;<strong><a href="https://www.instagram.com/clfteh/" target="_blank" rel="noreferrer noopener">Instagram</a></strong>.</figcaption></figure>



<hr class="wp-block-separator has-text-color has-alpha-channel-opacity has-background" style="background-color:#ffffff00;color:#ffffff00" id="Formations-Calendrier"/>



<h3 class="wp-block-heading has-text-color has-background has-link-color wp-elements-db961270deaff0aef9760951484ed03a" id="h-calendrier-des-formations-pedagogiques-en-2026" style="color:#ff9575;background-color:#f2f2f2"><strong>Calendrier des formations pédagogiques en 2026</strong></h3>



<p class="teacher-faq"><br>Vous pouvez accéder au calendrier des formations pédagogiques du CLF <strong><a href="https://www.clf-teh.org/fr/formations/#Calendrier">en suivant ce lien</a></strong>.</p>

<p>Calendrier des sessions en 2026 Saison Durée de la session standard(10 semaines) Début de mi-session Printemps Du 15 avril au 23 juin À partir du 15 mai * Pré-inscriptions en ligne : Les dates de pré-inscription en ligne des cours pour débutant (A1.1) et des tests de positionnement de chaque session sont annoncées sur ce [&hellip;]</p>

<!-- This site is optimized with the Yoast SEO Premium plugin v23.4 (Yoast SEO v26.9) - https://yoast.com/product/yoast-seo-premium-wordpress/ -->
<title>Calendriers - Centre de langue française de Téhéran</title>
<meta name="robots" content="index, follow, max-snippet:-1, max-image-preview:large, max-video-preview:-1" />
<link rel="canonical" href="https://www.clf-teh.org/fr/calendrier/" />
<meta property="og:locale" content="fr_FR" />
<meta property="og:type" content="article" />
<meta property="og:title" content="Calendriers" />
<meta property="og:description" content="Calendrier des sessions en 2026 Saison Durée de la session standard(10 semaines) Début de mi-session Printemps Du 15 avril au 23 juin À partir du 15 mai * Pré-inscriptions en ligne : Les dates de pré-inscription en ligne des cours pour débutant (A1.1) et des tests de positionnement de chaque session sont annoncées sur ce [&hellip;]" />
<meta property="og:url" content="https://www.clf-teh.org/fr/calendrier/" />
<meta property="og:site_name" content="Centre de langue française de Téhéran" />
<meta property="article:modified_time" content="2026-02-19T07:47:02+00:00" />
<meta name="twitter:card" content="summary_large_image" />
<meta name="twitter:label1" content="Durée de lecture estimée" />
	<meta name="twitter:data1" content="2 minutes" />
<script type="application/ld+json" class="yoast-schema-graph">{"@context":"https://schema.org","@graph":[{"@type":"WebPage","@id":"https://www.clf-teh.org/fr/calendrier/","url":"https://www.clf-teh.org/fr/calendrier/","name":"Calendriers - Centre de langue française de Téhéran","isPartOf":{"@id":"https://www.clf-teh.org/fr/#website"},"datePublished":"2024-07-31T14:03:08+00:00","dateModified":"2026-02-19T07:47:02+00:00","breadcrumb":{"@id":"https://www.clf-teh.org/fr/calendrier/#breadcrumb"},"inLanguage":"fr-FR","potentialAction":[{"@type":"ReadAction","target":["https://www.clf-teh.org/fr/calendrier/"]}]},{"@type":"BreadcrumbList","@id":"https://www.clf-teh.org/fr/calendrier/#breadcrumb","itemListElement":[{"@type":"ListItem","position":1,"name":"خانه","item":"https://www.clf-teh.org/fr/"},{"@type":"ListItem","position":2,"name":"Calendriers"}]},{"@type":"WebSite","@id":"https://www.clf-teh.org/fr/#website","url":"https://www.clf-teh.org/fr/","name":"Centre de langue française de Téhéran","description":"","potentialAction":[{"@type":"SearchAction","target":{"@type":"EntryPoint","urlTemplate":"https://www.clf-teh.org/fr/?s={search_term_string}"},"query-input":{"@type":"PropertyValueSpecification","valueRequired":true,"valueName":"search_term_string"}}],"inLanguage":"fr-FR"}]}</script>
<!-- / Yoast SEO Premium plugin. -->

Calendriers - Centre de langue française de Téhéran

Calendrier des sessions en 2026 Saison Durée de la session standard(10 semaines) Début de mi-session Printemps Du 15 avril au 23 juin À partir du 15 mai * Pré-inscriptions en ligne : Les dates de pré-inscription en ligne des cours pour débutant (A1.1) et des tests de positionnement de chaque session sont annoncées sur ce [&hellip;]

Centre de langue française de Téhéran

خانه
